when 53132 is divided by 39?
14
Calculate the remainder when 19260 is divided by 19233.
27
What is the remainder when 1238213 is divided by 28?
25
Calculate the remainder when 168726 is divided by 580.
526
Calculate the remainder when 7861 is divided by 973.
77
What is the remainder when 73147 is divided by 248?
235
Calculate the remainder when 689 is divided by 138.
137
What is the remainder when 56273 is divided by 67?
60
Calculate the remainder when 22484 is divided by 16.
4
Calculate the remainder when 60531 is divided by 60518.
13
What is the remainder when 1000563 is divided by 1113?
1089
Calculate the remainder when 144906 is divided by 15.
6
What is the remainder when 2396 is divided by 886?
624
Calculate the remainder when 420717 is divided by 13.
11
What is the remainder when 18217 is divided by 834?
703
Calculate the remainder when 217679 is divided by 20.
19
What is the remainder when 85311 is divided by 1741?
2
Calculate the remainder when 1966 is divided by 178.
8
What is the remainder when 5572 is divided by 87?
4
What is the remainder when 4409 is divided by 64?
57
What is the remainder when 6523 is divided by 27?
16
Calculate the remainder when 14518 is divided by 82.
4
What is the remainder when 4227 is divided by 10?
7
Calculate the remainder when 3359 is divided by 1593.
173
Calculate the remainder when 1240 is divided by 131.
61
What is the remainder when 16635 is divided by 3727?
1727
What is the remainder when 1400845 is divided by 861?
859
What is the remainder when 52659 is divided by 684?
675
Calculate the remainder when 6855 is divided by 450.
105
What is the remainder when 6516 is divided by 225?
216
What is the remainder when 91664 is divided by 12?
8
Calculate the remainder when 6378 is divided by 76.
70
Calculate the remainder when 26859 is divided by 1279.
0
What is the remainder when 41587 is divided by 661?
605
Calculate the remainder when 82193 is divided by 47.
37
Calculate the remainder when 39329 is divided by 45.
44
What is the remainder when 170638 is divided by 540?
538
What is the remainder when 28497 is divided by 228?
225
Calculate the remainder when 1217 is divided by 364.
125
What is the remainder when 69302 is divided by 23070?
92
Calculate the remainder when 907916 is divided by 130.
126
Calculate the remainder when 1312032 is divided by 20.
12
Calculate the remainder when 4044 is divided by 534.
306
What is the remainder when 67386 is divided by 156?
150
Calculate the remainder when 8030 is divided by 12.
2
What is the remainder when 1709781 is divided by 7?
3
What is the remainder when 69043 is divided by 23011?
10
What is the remainder when 38697 is divided by 391?
379
What is the remainder when 1584 is divided by 262?
12
What is the remainder when 34942 is divided by 255?
7
Calculate the remainder when 9933 is divided by 903.
0
What is the remainder when 16630 is divided by 47?
39
Calculate the remainder when 17719 is divided by 40.
39
What is the remainder when 72133 is divided by 1002?
991
Calculate the remainder when 51825 is divided by 213.
66
What is the remainder when 1301 is divided by 1292?
9
Calculate the remainder when 670 is divided by 7.
5
What is the remainder when 33749 is divided by 6742?
39
What is the remainder when 12130 is divided by 2421?
25
What is the remainder when 7826 is divided by 1558?
36
What is the remainder when 110 is divided by 34?
8
Calculate the remainder when 1359680 is divided by 2551.
2548
Calculate the remainder when 61005 is divided by 45.
30
Calculate the remainder when 3227 is divided by 691.
463
What is the remainder when 5785 is divided by 429?
208
What is the remainder when 1371 is divided by 509?
353
Calculate the remainder when 2544 is divided by 493.
79
Calculate the remainder when 2866 is divided by 482.
456
What is the remainder when 96719 is divided by 29?
4
Calculate the remainder when 3615 is divided by 11.
7
What is the remainder when 70249 is divided by 35121?
7
Calculate the remainder when 19998 is divided by 834.
816
What is the remainder when 14980 is divided by 156?
4
Calculate the remainder when 12671 is divided by 3147.
83
What is the remainder when 107574 is divided by 558?
438
Calculate the remainder when 2809187 is divided by 171.
170
What is the remainder when 15216 is divided by 138?
36
What is the remainder when 224593 is divided by 11820?
13
What is the remainder when 1937 is divided by 1737?
200
Calculate the remainder when 61187 is divided by 20390.
17
What is the remainder when 447 is divided by 31?
13
Calculate the remainder when 38529 is divided by 4805.
89
Calculate the remainder when 77136 is divided by 47.
9
What is the remainder when 242807 is divided by 1663?
9
Calculate the remainder when 15692 is divided by 13.
1
What is the remainder when 11240 is divided by 748?
20
What is the remainder when 6913 is divided by 456?
73
What is the remainder when 197152 is divided by 18?
16
What is the remainder when 489060 is divided by 67?
27
Calculate the remainder when 4027 is divided by 642.
175
What is the remainder when 177174 is divided by 306?
0
What is the remainder when 49671 is divided by 180?
171
Calculate the remainder when 19138 is divided by 445.
3
Calculate the remainder when 5328 is divided by 645.
168
What is the remainder when 41124 is divided by 2164?
8
Calculate the remainder when 125779 is divided by 78.
43
What is the remainder when 32674 is divided by 1125?
49
Calculate the remainder when 195322 is divided by 43.
16
Calculate the remainder when 379651 is divided by 1043.
1042
What is the remainder when 3085 is divided by 993?
106
What is the remainder when 3964574 is divided by 308?
306
Calculate the remainder when 21312 is divided by 684.
108
What is the remainder when 21038 is divided by 1907?
61
What is the remainder when 236247 is divided by 74?
39
Calculate the remainder when 6123 is divided by 204.
3
What is the remainder when 364492 is divided by 121495?
7
Calculate the remainder when 1108 is divided by 74.
72
Calculate the remainder when 423575 is divided by 53.
52
Calculate the remainder when 24666 is divided by 7.
5
What is the remainder when 1301 is divided by 204?
77
Calculate the remainder when 63880 is divided by 351.
349
Calculate the remainder when 84010 is divided by 162.
94
Calculate the remainder when 30708 is divided by 11.
7
Calculate the remainder when 1884 is divided by 35.
29
Calculate the remainder when 138392 is divided by 431.
41
Calculate the remainder when 4093 is divided by 2025.
43
Calculate the remainder when 8288 is divided by 726.
302
Calculate the remainder when 30731 is divided by 3816.
203
What is the remainder when 123547 is divided by 15438?
43
Calculate the remainder when 28127 is divided by 7011.
83
Calculate the remainder when 2052 is divided by 30.
12
What is the remainder when 16993 is divided by 3342?
283
Calculate the remainder when 69977 is divided by 144.
137
What is the remainder when 65628 is divided by 375?
3
Calculate the remainder when 3597 is divided by 172.
157
What is the remainder when 2376401 is divided by 45?
41
What is the remainder when 133672 is divided by 791?
784
What is the remainder when 2480 is divided by 2453?
27
What is the remainder when 13886 is divided by 272?
14
Calculate the remainder when 16831 is divided by 145.
11
What is the remainder when 18395 is divided by 177?
164
What is the remainder when 18851 is divided by 444?
203
Calculate the remainder when 96906 is divided by 4.
2
What is the remainder when 296440 is divided by 244?
224
What is the remainder when 854 is divided by 121?
7
What is the remainder when 1193 is divided by 70?
3
Calculate the remainder when 5395 is divided by 18.
13
Calculate the remainder when 8440 is divided by 23.
22
What is the remainder when 105999 is divided by 54?
51
What is the remainder when 17030 is divided by 306?
200
What is the remainder when 58860 is divided by 305?
300
What is the remainder when 10913 is divided by 2?
1
Calculate the remainder when 9126 is divided by 96.
6
What is the remainder when 438 is divided by 227?
211
What is the remainder when 462 is divided by 1?
0
Calculate the remainder when 6248 is divided by 312.
8
Calculate the remainder when 2081 is divided by 637.
170
Calc